me factors of j(3).
2, 7
Let n(y) = 7*y**2 + 10*y - 9. List the prime factors of n(-5).
2, 29
Suppose -12 = -2*v - 0*v + 5*k, -v - 3*k + 6 = 0. Let a = v - -6. Suppose 0 = -h + 3*h - a. What are the prime factors of h?
2, 3
Let p = 122 - 68. List the prime factors of p.
2, 3
Suppose 10 = 4*u - 6. Suppose -20 + 2 = u*j + 5*p, -4*j - 2*p - 24 = 0. Let z = 15 + j. What are the prime factors of z?
2
Let b = -25 - -43. What are the prime factors of b?
2, 3
Suppose 317 = p + 5*o, -p - 2*p + 886 = 2*o. Suppose -4*b - 3*a + 218 = -a, 5*b - 4*a = p. List the prime factors of b/9 + 2/(-9).
2, 3
Suppose 0*n - 5*n + 200 = 0. What are the prime factors of n?
2, 5
Suppose -93 - 99 = -6*i. List the prime factors of i.
2
Let g(s) = -12*s + 38. Let w(t) = 4*t - 13. Let c(z) = -4*g(z) - 11*w(z). Let j be c(6). Suppose j = f + 2. List the prime factors of f.
13
Suppose 0 = -2*a + 3*q + 22, -3*q = 3*a + a - 8. Suppose -2*t + 99 = 5*u, -a*u = 5*t - 4*u - 259. What are the prime factors of t?
2, 13
Suppose -3*b + 5*t + 7 = -8, -5*b + 3*t + 9 = 0. Suppose d + 3*d + u - 11 = b, -4*d = 3*u - 17. What are the prime factors of d?
2
Let f(p) = -p**2 + 3*p. Let w(l) = -2*l**2 + 7*l. Let b(d) = 9*f(d) - 4*w(d). Let y be b(0). Suppose y = h + 3*h - 8. List the prime factors of h.
2
Let m be 18/3 + (-1 - 0). Suppose b + 9 = -5*h, m = 3*h - 4*h + 3*b. List the prime factors of (16/(-12))/(h/21).
2, 7
Suppose 0 = -0*o - 2*o. Suppose -p + 1 = o, -f + p = 2*f - 11. Suppose 4*x - f*g - 36 = 0, -4*x + 2*g + 21 + 7 = 0. List the prime factors of x.
5
Let i = -142 + 332. What are the prime factors of i?
2, 5, 19
Suppose -t + 3*o - 7*o = -182, 5*o - 567 = -3*t. List the prime factors of t.
2, 97
Let h = -3 + -36. What are the prime factors of (-1)/(-5) - h/5?
2
Let y(n) = n**3 - 11*n**2 + 24*n - 16. List the prime factors of y(9).
2, 19
Let i(r) = r**2 - 2. Let d(v) = v + 9. Let f be d(-7). What are the prime factors of i(f)?
2
Suppose 2*x - 1 = -4*f - x, 0 = -f - 4*x + 10. What are the prime factors of (f*4)/(12/(-6))?
2
Let p be (1 - 2)*(-12)/(-2). Let i be p/3 + (1 - -4). Suppose -i*k = 2*k - 60. List the prime factors of k.
2, 3
Let m(r) = -13*r + 2. What are the prime factors of m(-2)?
2, 7
Suppose -2*d = d - 9. Let r be (1/1)/(5/20). Suppose -r*w + d*w + 7 = 0. What are the prime factors of w?
7
What are the prime factors of 332/2 - (0 - (2 - 2))?
2, 83
Suppose 4*i - l = 204, 4*i = 5*l + 270 - 50. List the prime factors of i.
2, 5
Suppose s = -0*s + 325. List the prime factors of s/45 + 4/(-18).
7
Let i = 2 + 1. Suppose i*w = 2*w. List the prime factors of 3/((-2)/(-6) + w).
3
Let h = -3 - -4. Let l be -1*(h + 2 + 4). Let n = 15 + l. List the prime factors of n.
2
Let w be (26*4/(-4))/(-2). Suppose 2*i - w = i. What are the prime factors of i?
13
Let h(w) = 2*w + 4. List the prime factors of h(9).
2, 11
List the prime factors of 4477/55 - (-4)/(-10).
3
Let d be -2 + 6 + (-1)/1. Let n be 111/2*(-2)/(-3). List the prime factors of (-2)/6 + n/d.
2, 3
Suppose 3*f - 27 = -5*a, -2*f - f + 15 = a. Suppose a*h = -h + 20. Suppose -h*i + 14 = -11. List the prime factors of i.
5
Let m(d) = 12*d**2 + 4*d - 8. What are the prime factors of m(3)?
2, 7
Suppose 6 = -4*c + 98. List the prime factors of c.
23
Suppose 17*i - 8*i - 1674 = 0. What are the prime factors of i?
2, 3, 31
Let b = 115 + 21. List the prime factors of b.
2, 17
Suppose 0 = 2*s + 3*l - 116, l + 6 = 4*l. What are the prime factors of s?
5, 11
Let p(v) = -v**3 + 2*v**2 - 2*v + 1. Let g be p(1). Let w = g - -3. List the prime factors of w.
3
Let m = -20 + 42. List the prime factors of m.
2, 11
Let t be ((-1)/(-2))/((-2)/(-16)). Let x(u) be the second derivative of 2*u**3/3 - 2*u**2 + u. What are the prime factors of x(t)?
2, 3
Suppose -63 = -3*v + 66. List the prime factors of v.
43
Suppose 2*d = 4*w + 7 + 7, 5*w + 19 = 2*d. List the prime factors of (-3)/(-6)*(-30)/d.
5
Suppose -u + 6*u - 2*c + 23 = 0, 2*c = -5*u - 7. Let p(r) = -2*r**3 - 3*r**2 + r - 2. What are the prime factors of p(u)?
2, 11
Let x = -84 - -140. List the prime factors of x.
2, 7
List the prime factors of 0 - -3*(-14)/(-3).
2, 7
Let u(k) = 93*k. Let c be u(1). Suppose -x - 3*x - 3*b = -c, 4 = -4*b. Suppose 0 = -4*n - 4*y + x, n + 4*y = -n + 16. What are the prime factors of n?
2
Let p = 12 - -1. Suppose -96 = -2*y + 3*z, -4*z - 35 = -y + p. What are the prime factors of (1/2)/(2/y)?
2, 3
Suppose -15 = 2*c + 45. Let m = c + 15. What are the prime factors of 6/m*(-2 - 3)?
2
Suppose -350 = -r - 6*r. List the prime factors of r.
2, 5
Suppose 5*b = -5*b + 1090. List the prime factors of b.
109
Let n = -4 + 4. Suppose -4*c = -3*p + 5 - 2, -4*c + 2*p - 6 = n. Let s = c + 8. List the prime factors of s.
5
Suppose 3*r - 426 = 3*b, -162 = -r - 0*b - 4*b. What are the prime factors of r?
2, 73
Let l(u) = -u - 1. Let h be l(0). Let t = 12 - h. List the prime factors of t.
13
Let i = 6 - 6. Let d(a) = -a**3 + a**2 + 3. Let k be d(i). Suppose -k*p + 4*h = -2, -2*h + 3 = p - 1. What are the prime factors of p?
2
Let g = -102 - -152. What are the prime factors of g?
2, 5
Suppose -5*b - 21 + 6 = 0. Suppose u + 3 = 3*s, 0*s - 19 = -2*s - 5*u. What are the prime factors of (-55)/(-15) + s/b?
3
Let t = -4 + 7. Suppose -t*a + 12 = -0*a. Suppose a*v = 5*z + 11 - 61, -2*v = 4*z - 14. What are the prime factors of z?
2, 3
Let v be (304/(-12))/((-4)/6). Suppose -5*o - v = -a, -o = 5*a - 2*o - 94. List the prime factors of a.
2, 3
Suppose 6*p + 3*z = 2*p + 43, 0 = -3*p + 2*z + 28. Suppose -5*m = -5*f + p, -2*m - 14 = 3*f - 7*f. List the prime factors of f.
5
Suppose -13*s - 312 = -15*s. What are the prime factors of s?
2, 3, 13
Let r = 7 + -2. Suppose 3*q - 21 = -h - 5, -r*h + q = -80. What are the prime factors of h?
2
Suppose 72 = 4*w - 4*c, 0 = -c - 0 - 3. List the prime factors of w.
3, 5
List the prime factors of (1 + (-2)/3)*309.
103
Suppose -554 = -2*n - 2*k, 2*n - 7*k + 3*k = 554. What are the prime factors of n?
277
Suppose 23 = -2*s + 3*w, w = -3*s - 0*w - 40. Let f = -11 - s. List the prime factors of f.
2
Let g(j) = 0 + 2 + 3*j - 1. What are the prime factors of g(7)?
2, 11
Let h(g) = g**3 + g**2 - g. Let q be h(0). Suppose q = -3*k + 2*k + 13. List the prime factors of k.
13
Let s = 27 + 1. List the prime factors of s.
2, 7
Let y be 15/1 - (3 - 3). Suppose -t - 2*t + y = 0. List the prime factors of t.
5
Suppose -3*b - 13 = 5. Let d = 14 + b. List the prime factors of d.
2
Let d(u) = -u**2 + 5*u. Let i be d(4). Let s be (1/(-2))/(4/(-32)). What are the prime factors of (0 - s)*(-10)/i?
2, 5
Suppose -462 = -3*d + 5*x, -286 = d - 3*d - 4*x. List the prime factors of d.
149
Suppose -4*k = 5*f - 117, 3*f - 34 = -2*k + 35. Let p be (9/3 + -2)*f. What are the prime factors of (-92)/(-6) - 7/p?
3, 5
Let o(f) = 5*f**2 + 2*f - 2. Let l(s) = -6*s**2 - s + 2. Let b(h) = -4*l(h) - 3*o(h). List the prime factors of b(-2).
2, 19
Suppose -5*z - 3*h + 71 = -0*z, 61 = 5*z - 2*h. List the prime factors of z.
13
Let g be (1 - -2)*(2 - 1). Let x(q) = q - q**g - 4*q**2 - q + 4. What are the prime factors of x(-4)?
2
Let a(m) be the second derivative of -m**5/20 + m**4/2 - m**3/3 - 2*m**2 + 2*m. Let j be (10/(-8))/((-4)/16). List the prime factors of a(j).
11
Suppose 5*c - 3*d = 10, 0 = 4*c - d + 6*d - 45. Suppose 0 = 3*l + 2*a - 0 - 25, -c*l = a - 37. What are the prime factors of l?
7
List the prime factors of (5 - 1)*(-26)/(-8).
13
Let n(r) = 2*r**2 - 4*r - 5. Let p(o) = o**3 + 4*o**2 - 8*o - 5. Let x be p(-5). Let a = 14 - x. What are the prime factors of n(a)?
11
Suppose -5*c + 8*c = 57. Let i = 9 + c. Suppose -i = -3*z + z. List the prime factors of z.
2, 7
Suppose -3*d - 14 + 2 = 0. What are the prime factors of d/(-18) + 340/9?
2, 19
List the prime factors of 0 + -1 - (-13 - -2).
2, 5
Suppose -3*h - 20 = h - 3*c, 2*h - c + 8 = 0. What are the prime factors of -2*h/4*7?
7
Suppose 4*i - 112 = j - 5*j, 4*i + 80 = 4*j. List the prime factors of j.
2, 3
Let y(s) = -4*s - 2 - 3 + 5*s. Let n(f) = -2*f + 10. Let t(k) = 2*n(k) + 5*y(k). What are the prime factors of t(9)?
2
Let m = -12 - -19. Suppose m = 3*s - 29. List the prime factors of s.
2, 3
Suppose 6*w = 2*w + 188. List the prime factors of w.
47
Suppose 0 = -28*u + 23*u + 415. Suppose -d + 5*v - u = -4*d, 0 = 3*d - 5*v - 133. List